tor of 1945061160?
False
Does 181 divide 19273891?
False
Is 48 a factor of 13244785?
False
Is 745 a factor of 852382875?
False
Is 11631 a factor of 5419730132?
False
Is 260 a factor of 210228555?
False
Is 7 a factor of 552445081?
False
Is 32 a factor of 207020960?
True
Is 260291787 a multiple of 21?
True
Is 2249539019 a multiple of 13?
True
Is 737 a factor of 255699943?
False
Is 1151090364 a multiple of 10?
False
Is 7 a factor of 1491738433?
False
Does 2245 divide 422323338?
False
Is 845 a factor of 161672160?
True
Is 787 a factor of 164955910?
False
Does 18 divide 218461736?
False
Is 1073970780 a multiple of 15?
True
Does 5239 divide 187262816?
True
Is 3 a factor of 2311709?
False
Is 147 a factor of 19271980?
False
Is 321990760 a multiple of 49?
True
Is 21871620 a multiple of 810?
True
Is 424934520 a multiple of 6296?
False
Is 5044 a factor of 5595454717?
False
Does 327 divide 412072647?
True
Does 3 divide 19232496?
True
Does 49 divide 32764977?
True
Does 14 divide 16783970?
True
Is 17 a factor of 620028?
False
Is 422 a factor of 29595282?
True
Does 17 divide 1677172638?
True
Is 1766424 a multiple of 66?
True
Does 529 divide 28511102?
False
Does 76 divide 153977749?
False
Does 160 divide 1062793280?
True
Is 58930983 a multiple of 9?
True
Is 58 a factor of 199930576?
False
Is 98 a factor of 2172838?
False
Is 301428779 a multiple of 67?
True
Does 122 divide 2498926?
True
Is 101213028 a multiple of 4555?
False
Is 24 a factor of 1012615776?
True
Is 368909151 a multiple of 1617?
False
Is 1076182358 a multiple of 23?
False
Is 2371637762 a multiple of 1313?
True
Does 964 divide 59032468?
True
Does 13 divide 235181720?
False
Is 46 a factor of 565656894?
True
Is 15 a factor of 1283537047?
False
Is 40 a factor of 2730932774?
False
Does 29 divide 146577059?
False
Is 2286 a factor of 1035633066?
False
Does 76 divide 12527028?
False
Is 115633965 a multiple of 239?
False
Is 275 a factor of 856617850?
True
Is 3 a factor of 31412038?
False
Is 1286109048 a multiple of 2373?
True
Is 65454310 a multiple of 211?
True
Is 664 a factor of 21224223?
False
Does 43 divide 15208101?
False
Is 20 a factor of 201424960?
True
Is 303 a factor of 8985465?
True
Is 271 a factor of 39400119?
False
Does 94 divide 465786074?
True
Is 9478116 a multiple of 16?
False
Is 62096229 a multiple of 807?
True
Is 267251364 a multiple of 893?
False
Is 77802312 a multiple of 217?
True
Does 12 divide 168704042?
False
Is 335 a factor of 6507671?
False
Is 4156619024 a multiple of 12667?
False
Is 15 a factor of 451240384?
False
Is 6344028 a multiple of 82?
False
Does 31 divide 296032857?
True
Is 280 a factor of 29335040?
True
Is 903 a factor of 1431153741?
False
Is 1418949 a multiple of 7?
True
Is 12593 a factor of 5236337494?
False
Does 2370 divide 340888950?
True
Is 1523 a factor of 225165463?
False
Does 492 divide 20687917?
False
Is 60861947 a multiple of 5?
False
Does 71 divide 159076408?
False
Is 7 a factor of 66436335?
True
Is 143 a factor of 37239748?
False
Is 3 a factor of 42187494?
True
Is 21 a factor of 25399591?
False
Does 1895 divide 1651634625?
True
Is 4 a factor of 8382732?
True
Does 60 divide 1244820?
True
Is 130185388 a multiple of 1003?
True
Is 22017249 a multiple of 661?
True
Is 692 a factor of 95385280?
True
Is 724930069 a multiple of 4?
False
Is 18 a factor of 113291146?
False
Is 184156812 a multiple of 23?
False
Does 113 divide 899181002?
True
Does 1539 divide 3312014184?
True
Is 729993735 a multiple of 1395?
True
Does 1298 divide 172836488?
True
Is 1852839839 a multiple of 18?
False
Is 1255 a factor of 33154303?
False
Is 1362 a factor of 69241356?
True
Does 21 divide 274611645?
True
Does 388 divide 274522316?
False
Is 323878266 a multiple of 558?
True
Is 414 a factor of 386046747?
False
Does 149 divide 14159117?
False
Is 19 a factor of 1259653443?
False
Does 6 divide 10197114?
True
Is 23 a factor of 1821123693?
True
Is 271191672 a multiple of 424?
True
Is 63 a factor of 45227394?
False
Is 10 a factor of 23049460?
True
Is 171 a factor of 36790479?
True
Is 10283640 a multiple of 60?
True
Does 853 divide 548188127?
True
Is 5818 a factor of 4028726462?
True
Is 110213966 a multiple of 383?
False
Is 117870243 a multiple of 19?
True
Is 231 a factor of 1100108163?
True
Does 243 divide 76951782?
True
Does 54 divide 60226295?
False
Is 606 a factor of 1669610598?
True
Is 1481 a factor of 156796432?
True
Is 671 a factor of 32264317?
False
Is 3916 a factor of 3441748904?
True
Does 22 divide 10270914556?
False
Is 1737 a factor of 118730873?
False
Is 18668385 a multiple of 422?
False
Does 17 divide 1385753810?
True
Is 573191465 a multiple of 15?
False
Is 378613305 a multiple of 7815?
True
Is 597884 a multiple of 28?
True
Is 319869819 a multiple of 5123?
False
Is 354 a factor of 14565457?
False
Is 1298 a factor of 141936300?
True
Does 1400 divide 22342600?
True
Does 1754 divide 128594510?
True
Does 2938 divide 1832025036?
False
Does 18 divide 5763172?
False
Is 88 a factor of 156821632?
True
Does 27 divide 117894937?
False
Does 87 divide 2507245431?
True
Does 25 divide 329788442?
False
Is 3823610440 a multiple of 10?
True
Is 35689866 a multiple of 43?
False
Is 2001 a factor of 141116523?
True
Is 38747931 a multiple of 187?
False
Is 1692 a factor of 388063584?
True
Is 1194850906 a multiple of 830?
False
Is 126 a factor of 365662080?
True
Is 19863623 a multiple of 2948?
False
Is 2860306680 a multiple of 2052?
False
Is 243 a factor of 244963197?
True
Is 4615456078 a multiple of 261?
False
Does 82 divide 606296599?
False
Is 113 a factor of 38537859?
True
Does 217 divide 4709695?
False
Is 404 a factor of 38370091?
False
Is 1623024416 a multiple of 273?
False
Is 19668550 a multiple of 22?
True
Is 2010180620 a multiple of 133?
True
Is 54496349 a multiple of 61?
False
Is 44918014 a multiple of 19?
True
Does 10 divide 503259150?
True
Is 2787549224 a multiple of 209?
False
Is 13 a factor of 11702664?
False
Is 7 a factor of 470466360?
True
Does 653 divide 46157160?
False
Is 2 a factor of 46884634?
True
Is 14 a factor of 3119949820?
False
Is 53 a factor of 21559075?
True
Is 784 a factor of 298012066?
False
Does 17 divide 233680376?
False
Does 297 divide 2953827?
False
Is 42976224 a multiple of 395?
False
Does 1952 divide 75595104?
True
Is 8681842 a multiple of 13?
True
Is 1102 a factor of 802660434?
True
Is 105 a factor of 1730820?
True
Does 761 divide 137273746?
True
Does 28 divide 495215756?
True
Is 2983937750 a multiple of 614?
False
Is 8 a factor of 4600130377?
False
Does 8 divide 40365912?
True
Is 51 a factor of 3776671?
False
Is 728 a factor of 8155056?
True
Does 28 divide 1142518888?
True
Is 95 a factor of 7607444?
False
Does 5 divide 14980188?
False
Does 500 divide 304923691?
False
Does 8 divide 100339219?
False
Is 77 a factor of 60728075?
False
Is 182176292 a multiple of 167?
True
Does 202 divide 50288910?
True
Is 6132134 a multiple of 9?
False
Is 142 a factor of 46772954?
True
Is 252207186 a multiple of 22?
True
Does 1940 divide 2820071300?
True
Is 26 a factor of 1967180962?
False
Is 6 a factor of 9714792?
True
Does 170 divide 137993590?
True
Does 263 divide 23496080?
False
Is 338261546 a multiple of 238?
True
Is 9863662 a multiple of 20?
False
Is 100690778 a multiple of 123?
False
Does 1537 divide 4501229352?
False
Is 202 a factor of 32617368?
False
Is 80 a factor of 41179600?
True
Is 13 a factor of 3182439?
True
Does 34 divide 41748328?
True
Is 3311056 a multiple of 518?
True
Is 273322940 a multiple of 187?
True
Is 113927535 a multiple of 15?
True
Is 19 a factor of 84891356?
False
Is 63090984 a multiple of 128?
False
Is 87 a factor of 43872112?
False
Is 31 a factor of 159044334?
False
Does 812 divide 146972?
True
Does 2 divide 12718591?
False
Is 36 a factor of 23592154?
False
Is 17940840 a multiple of 235?
True
Does 8725 divide 267983488?
False
Is 172159677 a multiple of 624?
False
Is 197 a factor of 98245082?
True
Is 30582078 a multiple of 100?
False
Is 350 a factor of 37938600?
True
Does 683 divide 12542612?
True
Does 302 divide 551586635?
False
Does 7 divide 26708577?
True
Is 331 a factor of 5601844?
True
Is 36 a factor of 69372255?
False
Does 564 divide 122962985?
False
Does 734 divide 155193484?
False
Is 809854517 a multiple of 1343?
True
Is 18092382 a multiple of 33?
True
Is 7 a f